)*(-7)/3. Let y(j) = -j**2 + 9*j - 7. What is y(z)?
7
Let z(h) = h + 6. Let y be z(-9). Let q(s) be the third derivative of 1/120*s**6 - 2*s**2 + 0 - 1/8*s**4 + 2/3*s**3 + 1/30*s**5 + 0*s. What is q(y)?
4
Let a(d) = 3*d + 5. Let n(l) = l + 1. Let v(h) = a(h) - 4*n(h). Let f be 1/(-2) + (-35)/(-10). Suppose 6 = f*o - 3*g, 5*o + 4*g = o + 40. Calculate v(o).
-5
Suppose 5*d + 4 = -g, 2*d - d = -4*g - 16. Let h(j) = j**2 + 4*j - 7. Let i(w) = -w**2 - 4*w + 6. Let k = -5 - -2. Let u(y) = k*h(y) - 4*i(y). Calculate u(g).
-3
Let i(h) = -2*h - 5 - 11*h - 1 + 3*h + h - h**2. Let q be -8*(2 + -1)*1. What is i(q)?
2
Suppose 0 = -22*m - 62 - 290. Let j(o) = -o**2 - 18*o - 4. What is j(m)?
28
Let n(q) be the second derivative of -q**5/10 + q**4/6 + q**3/3 - q**2/2 - q. Suppose 2*c = 27 + 13. Let d = c - 18. Determine n(d).
-5
Let c = 9 + -6. Suppose 0 = -2*m + c*m. Let l(f) = 5*f + 8. Let r(z) = 8*z + 8. Let i(j) = -3*l(j) + 2*r(j). What is i(m)?
-8
Let m = -25 - -27. Let q(w) = -5 + 5 + m - w + 5. Let v be (-86)/18 + (-14)/63. Calculate q(v).
12
Let a(v) be the third derivative of -1/24*v**4 + 2/3*v**3 - 4*v**2 + 0 + 0*v. Calculate a(8).
-4
Let v(c) = c**2 + 1. Let l(q) = 2*q**2 + 5*q + 4. Let f(a) = -l(a) + 4*v(a). Let w = -3 + 7. What is f(w)?
12
Let d = -1249 + 1250. Let o(a) = 29*a**2 + 2*a - 1. Determine o(d).
30
Suppose 3*r + 4*d + 26 = 0, 0 = d - 0*d + 5. Let s(b) = 2*b**2 + b - 3. Give s(r).
3
Let z(f) = -1410*f + 1409*f + 0 - 2 + 1. Determine z(-6).
5
Let x(t) = -t**2 - 8. Suppose -3*l + 0 = 15. Suppose -k + 8*v - 3*v + 6 = 0, 2 = -v. Let o be k/(-2) + l + 3. What is x(o)?
-8
Let y(t) = -t**2 + 4*t. Suppose -8 = -7*q + 5*q, 5*k - 18 = -2*q. Determine y(k).
4
Let p(c) = c**3 + 5*c**2 - 2*c + 2. Let x = 364 + -369. Give p(x).
12
Let d(k) = -k - 8. Let b be (2/(-8))/((-11)/88). Let v(l) = -2*l**3 + 2*l**2 + l - 3. Let g be v(b). Determine d(g).
1
Let k(s) = s - 14. Let q be k(16). Let o be 2/6 - q/(-3). Let l(u) = -u**3 + 0 + u - 4*u**2 + o - 2*u**2. Give l(-6).
-5
Let n be (3/(-4))/((-6)/32). Let m(q) = n*q + 0*q + 4*q. Suppose 0*f - 4 = -2*f. Determine m(f).
16
Let a(p) = p**3 - 9*p**2 + 7*p + 11. Suppose -7*t + 1136 = 1080. Determine a(t).
3
Let c(q) = -5*q + 9*q**2 + 141 - 145 - 5*q**3 + 4*q**3. Calculate c(5).
71
Let n(h) = -92*h + 50*h + 43*h + 6*h**2. Let p be (3/2)/((-1)/4). Let y = -7 - p. Determine n(y).
5
Suppose 0 = z - 2. Let k = 5 - z. Suppose 0 = -5*n - 2 - k. Let p(w) = 3*w**3 + 2*w**2 + w. Give p(n).
-2
Let o(r) = -r**3 + 6*r**2 + 1. Let b(k) = -14*k + 272. Let a be b(19). What is o(a)?
1
Let y(c) be the first derivative of -c**3/3 - 5*c**2/2 + 32*c - 693. Calculate y(-9).
-4
Let x(j) = 2*j**3 - 2*j**2 + 7*j - 3. Let h(i) = -5*i**3 + 4*i**2 - 15*i + 6. Let p = -7 - 0. Let a(b) = p*x(b) - 3*h(b). Determine a(-4).
-13
Let p be 15/(-2)*9/((-135)/20). Let z(t) = -t**2 + 9*t + 10. Calculate z(p).
0
Let z(n) = n + 5. Suppose -4*r = -7*r. Suppose -5*t - i + 41 = -0*i, r = 2*t + 4*i - 20. Let f = 3 - t. Calculate z(f).
0
Let u = -120 + 124. Let h(m) = 3*m - 4*m + u - 8. Give h(-10).
6
Let h(w) = -w**3 + 7*w**2 + 7*w + 11. Let r be (6 - 6)*(-1)/2. Suppose r = -2*p + 3*p, -3*p = -m + 8. Determine h(m).
3
Let i = 2572/3 - 857. Let r(d) be the first derivative of -i*d**3 - 3*d**2 - 3*d - 10. Give r(-5).
2
Let x(n) = -10*n**2 - 2*n + 4. Let b(w) = 3*w**2 + w - 1. Let o(p) = 7*b(p) + 2*x(p). What is o(-2)?
-1
Let d(y) = y**2 + 6*y + 6. Let p(c) = 2*c**2 + 12*c + 13. Suppose 0 = r - 5*k + 4, -4*r - 2*k - 1 = -29. Let a(u) = r*p(u) - 13*d(u). Give a(-3).
9
Let y(d) = d**3 + 5*d**2 - 7. Let r be y(-5). Let c be (-6)/4 - r/(-14). Let v be (-7)/1 + (-4)/c. Let j(h) = -h**2 - 4*h + 2. What is j(v)?
-3
Let m(l) = -2*l - 2. Let s be m(-2). Let j(h) = -17*h - 3 + 20*h + h**2 + 0*h**s. Determine j(-3).
-3
Let n be ((-1)/(-5))/(15/50)*-9. Let x(k) = -k - 4. Calculate x(n).
2
Let i(m) = -m + 1. Let b = 21 + -13. Let s = -7 + b. Calculate i(s).
0
Let d(a) = a**2 + 5*a - 6. Let m be -8 + (-2 - (1 - 2)). Let n(x) = x**2 + 10*x + 3. Let c be n(m). Calculate d(c).
0
Let j(x) = -2*x + 1. Let z(o) = 23*o + 39. Let p(m) = -8*m - 13. Let u(i) = -17*p(i) - 6*z(i). Let f be u(-6). Determine j(f).
3
Let k(g) = -g**2 - 21*g + 3. Let y(n) = n**2 + 12*n + 11. Let a be y(-4). Let h be k(a). Let i(d) = -2*d + 4. Determine i(h).
-2
Let c(z) = -2*z**3 - 32*z**2 - 42*z - 58. Let x(g) = -g**3 - 15*g**2 - 21*g - 29. Let s(r) = -3*c(r) + 5*x(r). Calculate s(-20).
9
Suppose 5*r = -20, 50 = 4*l - 5*r - 18. Let q be (4/l)/((-1)/(-33)). Let c = q - 11. Let h(w) = -w**3 - w**2 + w + 1. Give h(c).
1
Let h be 9/(-6) - 187/(-34). Let n(r) = r**2 + 2*r - 6. Determine n(h).
18
Let d(v) be the second derivative of -v**3 + 3*v**2/2 + 11*v. Let l = 7 - 2. Suppose l*n - 2 = 8. Calculate d(n).
-9
Let m(u) = 3*u - 1. Suppose -4*v + 0*f - 2 = -2*f, -f = -5. Let x(n) = 5 - 6 - 4 + 9*n - n**v. Let z be x(8). Give m(z).
8
Let c(l) = 2*l**2 + 4 - l**3 - 5*l**2 - 1 + 3*l. Let k = -1058 + 1054. Determine c(k).
7
Suppose -3*a - 13 = -2*v, -2*a - 5 + 0 = -5*v. Let c be 2/v - (-2 + -6). Suppose c = -6*g - 0. Let s(u) = 9*u. What is s(g)?
-9
Let q(g) = 6*g**3 - 2*g**2 + 8*g + 8. Let x(p) = 7*p**3 - 2*p**2 + 10*p + 9. Let i(h) = -6*q(h) + 5*x(h). Determine i(2).
1
Let b(g) = -22 + 374*g - 180*g - 191*g. Give b(9).
5
Let k(j) = -16*j + 24. Let y(d) = 19*d - 25. Let m(f) = -6*k(f) - 5*y(f). Determine m(11).
-8
Let o = -27 - -29. Let s(j) = -j**o + 5*j + 66 - 34 - 34. Calculate s(5).
-2
Let a(t) = t**2 + 2*t - 44. Let b be a(-7). Let l(s) = s**2 + 10*s + 12. Calculate l(b).
3
Let b(u) = -11*u**2 - 8*u - 11. Let g(i) = -31*i**2 - 23*i - 31. Let p(f) = -17*b(f) + 6*g(f). Determine p(5).
16
Let q(y) be the third derivative of y**4/12 - y**3/6 + 24*y**2 - 1. Give q(-2).
-5
Let y(b) = -208*b + 9 - 2*b**3 - 2*b**3 + 102*b + 6*b**2 + 3*b**3 + 99*b. What is y(5)?
-1
Let m(d) = -96*d + 37*d + 8*d**2 - d**3 + 2 + 55*d. Give m(6).
50
Let l(p) = -13*p**3 - 3*p**2 + 13*p + 3. Let a(o) = -15*o**3 - 4*o**2 + 14*o + 5. Let b(u) = 6*a(u) - 7*l(u). Determine b(4).
-3
Let o(m) = -4*m - 15. Let q(j) = -j**2 + 5*j - 12. Let v be q(4). What is o(v)?
17
Let c(m) = m**3 + m**2 + 9*m + 9. Let k(h) = h**2 - 2*h - 1. Let j(u) = c(u) + 5*k(u). What is j(-3)?
34
Let d(v) = -v**3 + 3*v**2 + v - 1. Suppose 2*y - 2 = 3*u + 1, -u = y + 1. Let m(l) = 4*l**2 + 2*l + 1. Let f be m(u). Give d(f).
2
Let y = 24 - 45. Let q = -21 - y. Suppose q = 5*b + 3*b - 40. Let z(h) = h**3 - 5*h**2 - h - 5. Give z(b).
-10
Let b = 58 - -19. Let y = -81 + b. Let w(a) = -a**2 - 5*a - 1. Give w(y).
3
Let f be -6*((-2)/4 - 0). Let v(r) be the first derivative of 2*r**2 - 1 - 2/3*r**f + 0*r. Determine v(3).
-6
Let i(j) = 2 - 13 + 9*j - 4*j**2 - 11*j**2 + 14*j**2. Let q be i(7). Let y(o) = 1 - 5*o + o**2 - q - 3*o - 1. Give y(7).
-10
Let j = -10 + 9. Let f(x) = -4*x**2 + 2*x + 1. Let o be f(j). Let m(t) = t**2 + 6*t. Give m(o).
-5
Let h(g) = g**3 + 10*g**2 + g + 7. Let x = -96 - -86. What is h(x)?
-3
Let t(q) be the third derivative of -q**5/12 + 2*q**4/3 - q**3/2 + 543*q**2 - 2*q. Calculate t(3).
0
Let w(l) = 4*l - 26. Let u be w(4). Let x(q) = -q**2 - 14*q - 13. Determine x(u).
27
Let p(m) = m**3 - 4*m**2 - 8*m. Let y = 1071 - 1065. What is p(y)?
24
Let c(b) = -2*b**3 - 4*b**2 + 6*b - 2. Let x = 3 + 0. Let k(m) = m**3 + 4*m**2 - 5*m + 3. Let q = -13 + 15. Let n(w) = q*c(w) + x*k(w). Calculate n(4).
-7
Let q(c) = 7*c**2 + 13*c + 6. Let u(v) = 11*v**2 + 20*v + 9. Let f(p) = -8*q(p) + 5*u(p). Calculate f(-3).
0
Let s(p) = -2*p**3 + 2*p**2 - p + 1. Suppose g + 4*g = c + 12, 3 = g. Suppose 0 = -2*u - c*u + 10. What is s(u)?
-9
Suppose 0 = -5*j - 4*d + 67, -3*j = d - 33 - 10. Suppose -18*x = -j*x + 42. Let v = x - -18. Let q(r) = -r**3 + 4*r**2 + 2*r - 2. Determine q(v).
6
Let m(u) be the third derivative of 0*u**4 + 0 - 11*u**2 - 1/20*u**5 - 1/6*u**3 + 0*u. Determine m(1).
-4
Let d be (-9)/((-36)/(-8)) - -8. Let s(p) = -p - 1. Let j(y) = -y**3 - 5*y**2 - 9*y - 12. Let x(r) = d*s(r) - j(r). Give x(-5).
-9
Let i be (1/(-3))/(2/(-6)). Let p(w) = w**2 - 2*w - 5. Let n = -64 + 59. Let t(u) = 2*u**2 - 2*u - 4. Let y(m) = n*p(m) + 6*t(m). Determine y(i).
6
Let f(q) = q - 6. Suppose -i + 16 = -5*b, -4*b = b - 5*i. Let r(v) = 3*v + 5. Let l be r(b). Let o = -4 - l. Give f(o).